0
Let n(d) = -99*d + 691. What is n(7)?
-2
Let f(l) = -6*l + 24. Give f(6).
-12
Let m(o) = o - 5. Give m(2).
-3
Let r(i) = -2*i**3 - 5*i**2 + 10*i - 8. Give r(-6).
184
Let d(n) = n**2 - 26*n - 24. Determine d(27).
3
Let h(t) = -t**2 + 5*t + 31. Give h(13).
-73
Let w(s) = s**2 + 6*s + 3. Calculate w(-7).
10
Let x(b) = 10*b**2 - b. Give x(1).
9
Let l(b) = -b**2 - 11*b + 1. Determine l(-11).
1
Let k(n) = 2*n**3 + 5*n**2 + 2*n - 4. Determine k(-3).
-19
Let y(v) = -2*v**2 + 18*v - 4. Give y(9).
-4
Let b(i) = 17*i**3 + i**2 - 2*i. Calculate b(-1).
-14
Let g(b) = 2*b**3 - 3*b**2 - 4. What is g(3)?
23
Let k(c) = -c + 13. What is k(-10)?
23
Let i(z) = -13*z - 2. Determine i(1).
-15
Let b(y) = -14*y + 77. Determine b(5).
7
Let c(k) = -k**3 + 14*k**2 + 9*k + 15. Give c(15).
-75
Let n(q) = q**2 + 3*q - 1. What is n(-2)?
-3
Let h(t) = -t**3 + 5*t**2 - 5*t + 7. Calculate h(4).
3
Let v(i) = i**3 + 7*i**2 + 6*i + 16. Give v(-7).
-26
Let r(k) = -3*k - 64. Give r(-5).
-49
Let g(k) = k**3 + 31*k**2 + 29*k - 34. What is g(-30)?
-4
Let h(g) = -10*g + 238. What is h(24)?
-2
Let f(h) = h**3 - 2*h**2 + 4*h + 10. Give f(-2).
-14
Let z(u) = u**2 + 7*u + 5. Determine z(-5).
-5
Let y(q) = -q**3 - 4*q**2 + 11*q + 17. Determine y(-5).
-13
Let r(n) = -n**3 - 5*n**2 - 2*n - 2. Give r(-5).
8
Let m(i) = 5*i**2 + 108*i - 44. Calculate m(-22).
0
Let q(l) = -l + 1. Calculate q(-26).
27
Let g(q) = 10*q + 249. Determine g(-25).
-1
Let w(y) = y**2 + 9*y. Calculate w(-8).
-8
Let u(b) = -b**3 - 12*b**2 - 29*b + 11. Give u(-8).
-13
Let a(x) = -2*x**2 + 62*x + 69. Calculate a(32).
5
Let n(p) = p**2 + 5*p + 12. Determine n(-7).
26
Let u(w) = w**3 - w**2 - 3*w + 5. Determine u(2).
3
Let f(p) = p**2 - 7*p + 6. Give f(8).
14
Let t(c) = -c**2 - 5*c - 4. Give t(-6).
-10
Let y(u) = 4*u**2 - 12*u + 8. What is y(4)?
24
Let r(n) = -n**3 + 5*n**2 + n - 34. Calculate r(4).
-14
Let x(a) = -16*a**2 + a + 2. Calculate x(-1).
-15
Let h(d) = -5*d + 118. Give h(21).
13
Let n(y) = -y**3 - y**2 - 23. Give n(0).
-23
Let k(x) = x**3 + 9*x**2 - 8*x + 10. Calculate k(-10).
-10
Let s(i) = -22*i + 370. What is s(17)?
-4
Let h(x) = -2*x**3 - 2*x**2 + x - 2. Give h(0).
-2
Let q(a) = 5*a + 11. What is q(-1)?
6
Let x(f) = -2*f**2 + f - 4. Determine x(3).
-19
Let f(h) = h**2 + 20*h - 401. What is f(13)?
28
Let u(r) = -6*r - 5. Give u(3).
-23
Let h(l) = l**2 + l - 26. Determine h(-8).
30
Let r(s) = s**3 - 15*s**2 + 15*s - 11. Give r(14).
3
Let g(o) = -340*o - 342. What is g(-1)?
-2
Let c(y) = y**3 - 3*y**2 - 5*y - 7. What is c(5)?
18
Let k(j) = j**3 + 20*j**2 + 51*j - 8. What is k(-17)?
-8
Let i(y) = 12*y + 6. Calculate i(-4).
-42
Let p(o) = -5*o - 74. Determine p(-29).
71
Let d(a) = -a**3 + 14*a**2 - 40*a - 12. Calculate d(10).
-12
Let n(u) = -6*u**2 - 22*u - 4. Calculate n(-4).
-12
Let t(d) = d**2 + 62*d - 399. What is t(6)?
9
Let v(n) = n**3 + 4*n**2 + 6*n + 36. What is v(-6)?
-72
Let k(b) = -48*b + 82. Give k(2).
-14
Let f(y) = -y**3 + 4*y**2 - 8*y - 9. Give f(4).
-41
Let q(r) = 2*r**3 + 4*r**2 + 4*r + 4. Calculate q(-2).
-4
Let k(j) = -j - 51. Give k(-15).
-36
Let i(q) = 5*q + 31. Give i(-5).
6
Let s(a) = -a**3 - 43*a**2 - 44*a - 86. Calculate s(-42).
-2
Let g(b) = 2*b**2 + 12*b - 33. What is g(-8)?
-1
Let n(u) = -5*u**2 + 133*u + 49. Calculate n(27).
-5
Let g(t) = -t**2 + 33*t - 261. Determine g(17).
11
Let l(m) = -m**3 - m**2 - 7. Give l(0).
-7
Let p(u) = 8*u - 3. Determine p(-5).
-43
Let a(m) = -m**2 + 11*m - 26. What is a(4)?
2
Let m(s) = -10*s + 16. Calculate m(4).
-24
Let o(j) = -j**2 + 2*j - 14. What is o(0)?
-14
Let v(f) = f**3 - 11*f**2 + 13*f - 7. Determine v(9).
-52
Let g(s) = -6*s - 17. Give g(-7).
25
Let a(w) = -4*w**2 - 4*w - 5. Determine a(-2).
-13
Let y(n) = -2*n + 17. What is y(7)?
3
Let b(c) = c**2 + 38*c + 346. What is b(-23)?
1
Let o(t) = -t**3 - 3*t**2 - 2*t - 5. Determine o(-3).
1
Let s(z) = -z**3 - 2*z**2 - 15*z - 26. Give s(-2).
4
Let i(x) = -6*x - 7. Determine i(6).
-43
Let j(a) = a**3 + 16*a**2 + 13*a - 33. Determine j(-15).
-3
Let j(a) = -2*a**3 + 24*a**2 - 52*a + 9. Calculate j(9).
27
Let w(l) = 22*l + 115. Determine w(-5).
5
Let c(h) = 2*h - 35. Determine c(15).
-5
Let o(i) = 5*i - 127. Give o(22).
-17
Let g(p) = -3*p - 9. Give g(-6).
9
Let r(o) = -5*o + 22. Give r(8).
-18
Let u(y) = -y**3 - 13*y**2 - 7*y - 22. Determine u(-12).
-82
Let d(s) = s**3 - 6*s**2 + 7*s - 1. Calculate d(4).
-5
Let h(x) = x**3 + 41*x**2 + 117*x + 104. What is h(-38)?
-10
Let c(r) = r + 4. What is c(2)?
6
Let n(p) = -8*p + 66. What is n(17)?
-70
Let s(c) = 3*c**3 + 4*c**2 + 7*c - 3. What is s(-4)?
-159
Let y(m) = 4*m**2 - m - 7. Determine y(-3).
32
Let m(t) = t**3 + 7*t**2 + 6*t - 2. Give m(-6).
-2
Let q(m) = 4*m + 43. Determine q(-11).
-1
Let o(h) = h**3 + h**2 - 2*h - 7. What is o(2)?
1
Let c(d) = 2*d**2 - 6*d - 5. Determine c(6).
31
Let w(k) = k**3 - 4*k**2 - 17*k + 54. Determine w(4).
-14
Let w(h) = -h**2 - 7*h + 1. What is w(-7)?
1
Let p(t) = t**3 - 19*t**2 + 18*t + 5. What is p(18)?
5
Let i(f) = -f**3 + 4*f**2 + 3*f - 4. Give i(3).
14
Let t(o) = 5*o + 55. Determine t(-10).
5
Let f(b) = 176*b - 1228. What is f(7)?
4
Let f(t) = -11*t + 93. What is f(9)?
-6
Let l(i) = -i**2 - 8*i + 3. What is l(-7)?
10
Let z(w) = 9*w + 25. What is z(-6)?
-29
Let a(n) = 7*n - 7. Determine a(1).
0
Let n(b) = -4*b - 7. Determine n(-2).
1
Let r(j) = 2*j - 40. Calculate r(19).
-2
Let r(j) = j**3 - 24*j**2 - 82*j + 32. Give r(27).
5
Let w(k) = -106*k + 428. Calculate w(4).
4
Let s(w) = -23*w**2 + 4. Determine s(-1).
-19
Let f(b) = b**2 + 11*b + 46. What is f(-5)?
16
Let u(o) = -o**2 - 5*o + 6. What is u(-3)?
12
Let h(m) = -16*m - 11. Determine h(-2).
21
Let d(m) = -m - 4. Determine d(-10).
6
Let l(o) = 4*o + 24. Calculate l(-8).
-8
Let p(y) = -y**2 + 8*y - 17. What is p(6)?
-5
Let f(p) = -p**3 - 5*p**2 - 8*p - 52. Calculate f(-5).
-12
Let t(f) = -f**2 - 3*f - 1. Determine t(-4).
-5
Let u(g) = -2*g**2 + 10*g + 13. Determine u(-3).
-35
Let l(n) = -2*n - 10. Calculate l(-6).
2
Let m(g) = 50*g + 306. Calculate m(-6).
6
Let t(h) = -h**3 - 15*h**2 + 1. What is t(-15)?
1
Let v(j) = 2*j**3 - 15*j**2 + 8*j - 9. Determine v(7).
-2
Let h(i) = -38*i - 758. Determine h(-20).
2
Let p(h) = -h**3 - h**2 + 6*h + 2. What is p(-2)?
-6
Let m(r) = 2*r - 1. Give m(5).
9
Let d(i) = i - 1. What is d(-5)?
-6
Let b(u) = -3*u - 2. What is b(-2)?
4
Let v(j) = -j**3 + 16*j**2 - 18*j + 12. What is v(15)?
-33
Let a(q) = -q**2 - 4*q - 5. Give a(-3).
-2
Let u(n) = -n**2 - 8*n + 21. What is u(-9)?
12
Let t(m) = 47*m - 1876. Determine t(40).
4
Let r(c) = c**3 - 7*c**2 + 20*c - 55. Determine r(5).
-5
Let z(d) = 3*d + 32. Calculate z(-21).
-31
Let f(n) = n**3 - 14*n**2 + 16*n - 41. Determine f(13).
-2
Let l(o) = -4*o - 12. Determine l(-3).
0
Let f(s) = s**2 - 16*s - 26. Calculate f(14).
-54
Let l(h) = 12*h + 221. What is l(-18)?
5
Let g(q) = 3*q**3 - q**2 + 2*q + 2. Determine g(-1).
-4
Let v(u) = -4*u**2 + 6*u + 5. Give v(6).
-103
Let z(q) = q**2 - 27*q + 38. What is z(25)?
-12
Let q(h) = -2*h + 31. Calculate q(16).
-1
Let u(f) = 8*f + 39. Calculate u(-6).
-9
Let i(y) = -y**3 - y**2 + 4. Calculate i(-2).
8
Let l(b) = 2*b + 1. Determine l(1).
3
Let d(f) = -2*f - 11. What is d(-11)?
11
Let u(z) = -3*z - 12. What is u(0)?
-12
Let d(t) = -t**2 + 11*t + 41. What is d(14)?
-1
Let b(p) = p**3 - 9*p**2 - 12*p + 3. Determine b(11).
113
Let b(q) = q**2 - 71. Calculate b(-8).
-7
Let k(b) = -2*b**2 + 3*b. What is k(2)?
-2
Let b(q) = q**3 + 4*q**2 + q + 2. What is b(-4)?
-2
Let k(y) = -4*y + 17. What is k(4)?
1
Let h(i) = -11*i + 2. Calculate h(4).
-42
Let z(q) = 3*q**3 + 8*q**2 + q - 4. Give z(-4).
-72
Let i(d) = -d**2 - 18*d + 6. Determine i(-15).
51
Let c(h) = -16*h + 73. What is c(5)?
-7
Let g(u) = -3*u**2 + 35*u - 10. Determine g(10).
40
Let i(q) = -2*q**2 - q. What is i(3)?
-21
Let a(p) = -2*p**2 - 16*p - 3. Determine a(-8).
-3
Let k(g) = g + 10. What is k(-10)?
0
Let b(g) = g**2 - 5*g - 27. Determine b(7).
-13
Let i(f) = 2*f + 7. Calculate i(-14).
-21
Let h(a) = -57*a**3 + 1. What is h(1)?
-56
Let w(c) = c**3 - 7*c**2 + 10*c - 2. Give w(3).
-8
Let c(m) = -m**2 - 17*m - 29. Calculate c(-12).
31
Let s(g) = -2*g**2 + 52*g - 36. What is s(25)?
14
Let i(z) = -z**2 + 46*z - 4. Determine i(46).
-4
Let s(p) = 6*p - 31. Determine s(4).
-7
Let s(m) = m**2 + 15*m + 38. What is 